{"id":925,"date":"2024-04-23T01:08:05","date_gmt":"2024-04-23T01:08:05","guid":{"rendered":"https:\/\/severnisij.si\/?page_id=925"},"modified":"2026-04-03T17:40:37","modified_gmt":"2026-04-03T17:40:37","slug":"napoved-vidnosti-severnega-sija","status":"publish","type":"page","link":"https:\/\/severnisij.si\/index.php\/napoved-vidnosti-severnega-sija\/","title":{"rendered":"Napoved vidnosti severnega sija v Sloveniji"},"content":{"rendered":"\n<p style=\"font-size:20px\"><strong>Napoved vidnosti severnega sija v Sloveniji v naslednjih dveh no\u010deh<\/strong> <strong>(napoved osve\u017eena 3. aprila ob 19:00): <\/strong><\/p>\n\n\n\n<figure class=\"wp-block-table\"><table class=\"has-fixed-layout\"><tbody><tr><td>No\u010d 3\/4. april 2026<\/td><td><strong><strong><strong>zmerna verjetnost severnega sija pri nas<\/strong><\/strong><\/strong> \ud83d\udd34\ud83d\udd34\ud83d\udd34\u26ab\u26ab<\/td><\/tr><tr><td>No\u010d 4\/5. april 2026<\/td><td><strong><strong>severni sij ni pri\u010dakovan<\/strong><\/strong> \u26ab\u26ab\u26ab\u26ab\u26ab<\/td><\/tr><\/tbody><\/table><\/figure>\n\n\n\n<p class=\"has-small-font-size\"><a href=\"https:\/\/severnisij.si\/index.php\/razlaga-verjetnosti-severnega-sija-pri-nas\/\" data-type=\"link\" data-id=\"https:\/\/severnisij.si\/index.php\/razlaga-verjetnosti-severnega-sija-pri-nas\/\"><strong>Razlaga verjetnosti.<\/strong><\/a><\/p>\n\n\n\n<p style=\"font-size:16px\"><strong>Napoved<\/strong>: v no\u010di iz 3. na 4. pri\u010dakujemo <strong>zmerno verjetnost severnega sija, vidnega pri nas<\/strong>. Naslednjo no\u010d severni sij ni pri\u010dakovan.<\/p>\n\n\n\n<p style=\"font-size:16px\"><strong>Diskusija:<\/strong> [<strong>Dodatek ob 19:40<\/strong>]: geomagnetna aktivnost je \u017ee dosegla vihar kategorije G3 (mo\u010den), v primeru da imate jasno nebo poglejte proti severu! Obstaja mo\u017enost, da se bo aktivnost \u0161e krepila.<\/p>\n\n\n\n<p style=\"font-size:16px\">[<strong>Objavljeno ob 19:00<\/strong>]: popoldne nas je zadel izbruh CME, ki ga je pred dvema dnevoma proti nam poslal izbruh filamenta. Izbruh je prispel nepri\u010dakovano hitro (ve\u010d kot 10 ur pred napovedmi) in s sabo nosi zelo hiter son\u010dev veter (700 km\/s) in ugodno magnetno polje. V primeru, da parametri ostanejo ugodni, danes zve\u010der in v prvi polovici no\u010di pri\u010dakujemo geomagnetni vihar stopnje G2 (\u017ee dose\u017eena v \u010dasu pisanja napovedi), morda G3 ali ve\u010d. V tem primeru severni sij utegne biti viden tudi pri nas. V primeru, da se pogoji &#8216;podrejo&#8217; je verjetnost, da se bo severni sij videl, bistveno manj\u0161a. Danes prakti\u010dno polna Luna vzhaja malo po 21. uri in bo precej motila, saj v mese\u010dini nebo precej svetlo. Na sre\u010do bo dokaj nizko na ju\u017enem nebu in bo s tem u\u010dinek za odtenek manj\u0161i. <\/p>\n\n\n\n<p class=\"has-text-align-center\" style=\"font-size:16px\"><a href=\"https:\/\/x.com\/JAtanackov?ref_src=twsrc%5Egoogle%7Ctwcamp%5Eserp%7Ctwgr%5Eauthor\">Sledite nam tudi na X-u kjer dogajanje spremljamo v realnem \u010dasu.<\/a><\/p>\n\n\n\n<figure class=\"wp-block-embed is-type-rich is-provider-twitter wp-block-embed-twitter\"><div class=\"wp-block-embed__wrapper\">\n<blockquote class=\"twitter-tweet\" data-width=\"550\" data-dnt=\"true\"><p lang=\"en\" dir=\"ltr\">G2 storm! A CME impacted L1 at 15:05 UTC, this may be the expected full halo that arrived earlier than expected. Solar wind speed jumped from ~600 km\/s to ~750-800 km\/s, Bt to about 15 nT, while Bz went negative, down to -10 nT. We are at G2 storm levels right now, but at this\u2026 <a href=\"https:\/\/t.co\/KLDuETNHxj\">pic.twitter.com\/KLDuETNHxj<\/a><\/p>&mdash; Jure Atanackov (@JAtanackov) <a href=\"https:\/\/twitter.com\/JAtanackov\/status\/2040107782297334255?ref_src=twsrc%5Etfw\">April 3, 2026<\/a><\/blockquote><script async src=\"https:\/\/platform.twitter.com\/widgets.js\" charset=\"utf-8\"><\/script>\n<\/div><\/figure>\n\n\n\n<figure class=\"wp-block-embed is-type-rich is-provider-twitter wp-block-embed-twitter\"><div class=\"wp-block-embed__wrapper\">\n<blockquote class=\"twitter-tweet\" data-width=\"550\" data-dnt=\"true\"><p lang=\"en\" dir=\"ltr\">The CME from the filament eruption looks pretty impressive in CCOR-1 images. It is a lopsided full-halo CME: the bulk is clearly going NW, but there is a halo shock front. This one will likely deliver a glancing blow, but it was likely too far west and launched too far NW for a\u2026 <a href=\"https:\/\/t.co\/OpNXGJvA0C\">https:\/\/t.co\/OpNXGJvA0C<\/a> <a href=\"https:\/\/t.co\/Oj3fcfl0DJ\">pic.twitter.com\/Oj3fcfl0DJ<\/a><\/p>&mdash; Jure Atanackov (@JAtanackov) <a href=\"https:\/\/twitter.com\/JAtanackov\/status\/2039735845733929410?ref_src=twsrc%5Etfw\">April 2, 2026<\/a><\/blockquote><script async src=\"https:\/\/platform.twitter.com\/widgets.js\" charset=\"utf-8\"><\/script>\n<\/div><\/figure>\n\n\n\n<p style=\"font-size:16px\">Preberite ve\u010d o vidnosti severnega sija pri razli\u010dnih jakostih geomagnetnega viharja <strong>na povezavi spodaj<\/strong>. <\/p>\n\n\n\n<figure class=\"wp-block-embed is-type-wp-embed is-provider-severnisij-si wp-block-embed-severnisij-si\"><div class=\"wp-block-embed__wrapper\">\n<blockquote class=\"wp-embedded-content\" data-secret=\"gCEVTh5yuw\"><a href=\"https:\/\/severnisij.si\/index.php\/2024\/04\/01\/kako-se-vidi-severni-sij-v-sloveniji-kategorije-viharjev\/\">Kako se vidi severni sij v Sloveniji?<\/a><\/blockquote><iframe class=\"wp-embedded-content lazyload\" sandbox=\"allow-scripts\" security=\"restricted\" style=\"position: absolute; visibility: hidden;\" title=\"&#8220;Kako se vidi severni sij v Sloveniji?&#8221; &#8212; Severnisij.si\" data-src=\"https:\/\/severnisij.si\/index.php\/2024\/04\/01\/kako-se-vidi-severni-sij-v-sloveniji-kategorije-viharjev\/embed\/#?secret=v0TKjvyM5N#?secret=gCEVTh5yuw\" data-secret=\"gCEVTh5yuw\" width=\"600\" height=\"338\" frameborder=\"0\" marginwidth=\"0\" marginheight=\"0\" scrolling=\"no\" src=\"data:image\/svg+xml;base64,PHN2ZyB3aWR0aD0iMSIgaGVpZ2h0PSIxIiB4bWxucz0iaHR0cDovL3d3dy53My5vcmcvMjAwMC9zdmciPjwvc3ZnPg==\" data-load-mode=\"1\"><\/iframe>\n<\/div><\/figure>\n\n\n\n<p style=\"font-size:16px\"><strong>Napotki<\/strong>: za opazovanje severnega sija najdite svetlobno \u010dim manj onesna\u017eeno lokacijo z nizkim severnim obzorjem, bodite na lokaciji \u017ee v ve\u010dernem mraku!<\/p>\n\n\n\n<p style=\"font-size:16px\">Napoved vidnosti severnega sija v Sloveniji je osve\u017eena vsakih 24 &#8211; 48 ur, oz. pogosteje, ko so pri\u010dakovane aktivne razmere in ve\u010dja verjetnost severnega sija vidnega v Sloveniji. V primeru, da napoved ni osve\u017eena, severnega sija ne pri\u010dakujemo. Ve\u010d napotkov za uspe\u0161no opazovanje severnega sija najdete v spodnjih \u010dlankih.<\/p>\n\n\n\n<figure class=\"wp-block-embed is-type-wp-embed is-provider-severnisij-si wp-block-embed-severnisij-si\"><div class=\"wp-block-embed__wrapper\">\n<blockquote class=\"wp-embedded-content\" data-secret=\"07xdf9S3hS\"><a href=\"https:\/\/severnisij.si\/index.php\/kako-videti-severni-sij-iz-slovenije\/\">Kako videti severni sij v Sloveniji?<\/a><\/blockquote><iframe class=\"wp-embedded-content lazyload\" sandbox=\"allow-scripts\" security=\"restricted\" style=\"position: absolute; visibility: hidden;\" title=\"&#8220;Kako videti severni sij v Sloveniji?&#8221; &#8212; Severnisij.si\" data-src=\"https:\/\/severnisij.si\/index.php\/kako-videti-severni-sij-iz-slovenije\/embed\/#?secret=MRGfVJ6k0f#?secret=07xdf9S3hS\" data-secret=\"07xdf9S3hS\" width=\"600\" height=\"338\" frameborder=\"0\" marginwidth=\"0\" marginheight=\"0\" scrolling=\"no\" src=\"data:image\/svg+xml;base64,PHN2ZyB3aWR0aD0iMSIgaGVpZ2h0PSIxIiB4bWxucz0iaHR0cDovL3d3dy53My5vcmcvMjAwMC9zdmciPjwvc3ZnPg==\" data-load-mode=\"1\"><\/iframe>\n<\/div><\/figure>\n\n\n\n<p style=\"font-size:16px\">Za spremljanje parametrov son\u010devega vetra priporo\u010damo <strong><a href=\"https:\/\/www.swpc.noaa.gov\/observations\">NOAA Space Weather Prediction Center<\/a><\/strong>.<\/p>\n\n\n\n<p><\/p>\n","protected":false},"excerpt":{"rendered":"<p>Napoved vidnosti severnega sija v Sloveniji v naslednjih dveh no\u010deh (napoved osve\u017eena 3. aprila ob 19:00): No\u010d 3\/4. april 2026 zmerna verjetnost severnega sija pri nas \ud83d\udd34\ud83d\udd34\ud83d\udd34\u26ab\u26ab No\u010d 4\/5. april 2026 severni sij ni pri\u010dakovan \u26ab\u26ab\u26ab\u26ab\u26ab Razlaga verjetnosti. Napoved: v no\u010di iz 3. na 4. pri\u010dakujemo zmerno verjetnost severnega sija, vidnega pri nas. Naslednjo no\u010d [&hellip;]<\/p>\n","protected":false},"author":1,"featured_media":159,"parent":0,"menu_order":0,"comment_status":"closed","ping_status":"closed","template":"","meta":{"ngg_post_thumbnail":0,"footnotes":""},"class_list":["post-925","page","type-page","status-publish","has-post-thumbnail","czr-hentry"],"yoast_head":"<!-- This site is optimized with the Yoast SEO plugin v27.2 - https:\/\/yoast.com\/product\/yoast-seo-wordpress\/ -->\n<title>Napoved vidnosti severnega sija v Sloveniji<\/title>\n<meta name=\"description\" content=\"Oglejte si aktualno napoved vidnosti severnega sija v Sloveniji za naslednji dve no\u010di. Bodite pripravljeni ko nebo za\u017eari!\" \/>\n<meta name=\"robots\" content=\"index, follow, max-snippet:-1, max-image-preview:large, max-video-preview:-1\" \/>\n<link rel=\"canonical\" href=\"https:\/\/severnisij.si\/index.php\/napoved-vidnosti-severnega-sija\/\" \/>\n<meta property=\"og:locale\" content=\"sl_SI\" \/>\n<meta property=\"og:type\" content=\"article\" \/>\n<meta property=\"og:title\" content=\"Napoved vidnosti severnega sija v Sloveniji\" \/>\n<meta property=\"og:description\" content=\"Oglejte si aktualno napoved vidnosti severnega sija v Sloveniji za naslednji dve no\u010di. Bodite pripravljeni ko nebo za\u017eari!\" \/>\n<meta property=\"og:url\" content=\"https:\/\/severnisij.si\/index.php\/napoved-vidnosti-severnega-sija\/\" \/>\n<meta property=\"og:site_name\" content=\"Severnisij.si\" \/>\n<meta property=\"article:modified_time\" content=\"2026-04-03T17:40:37+00:00\" \/>\n<meta property=\"og:image\" content=\"https:\/\/severnisij.si\/wp-content\/uploads\/2024\/04\/oblike3-z-oznakami.jpg\" \/>\n\t<meta property=\"og:image:width\" content=\"424\" \/>\n\t<meta property=\"og:image:height\" content=\"283\" \/>\n\t<meta property=\"og:image:type\" content=\"image\/jpeg\" \/>\n<meta name=\"twitter:card\" content=\"summary_large_image\" \/>\n<meta name=\"twitter:label1\" content=\"Est. reading time\" \/>\n\t<meta name=\"twitter:data1\" content=\"3 minute\" \/>\n<script type=\"application\/ld+json\" class=\"yoast-schema-graph\">{\"@context\":\"https:\/\/schema.org\",\"@graph\":[{\"@type\":\"WebPage\",\"@id\":\"https:\/\/severnisij.si\/index.php\/napoved-vidnosti-severnega-sija\/\",\"url\":\"https:\/\/severnisij.si\/index.php\/napoved-vidnosti-severnega-sija\/\",\"name\":\"Napoved vidnosti severnega sija v Sloveniji\",\"isPartOf\":{\"@id\":\"https:\/\/severnisij.si\/#website\"},\"primaryImageOfPage\":{\"@id\":\"https:\/\/severnisij.si\/index.php\/napoved-vidnosti-severnega-sija\/#primaryimage\"},\"image\":{\"@id\":\"https:\/\/severnisij.si\/index.php\/napoved-vidnosti-severnega-sija\/#primaryimage\"},\"thumbnailUrl\":\"https:\/\/severnisij.si\/wp-content\/uploads\/2024\/04\/oblike3-z-oznakami.jpg\",\"datePublished\":\"2024-04-23T01:08:05+00:00\",\"dateModified\":\"2026-04-03T17:40:37+00:00\",\"description\":\"Oglejte si aktualno napoved vidnosti severnega sija v Sloveniji za naslednji dve no\u010di. Bodite pripravljeni ko nebo za\u017eari!\",\"breadcrumb\":{\"@id\":\"https:\/\/severnisij.si\/index.php\/napoved-vidnosti-severnega-sija\/#breadcrumb\"},\"inLanguage\":\"sl-SI\",\"potentialAction\":[{\"@type\":\"ReadAction\",\"target\":[\"https:\/\/severnisij.si\/index.php\/napoved-vidnosti-severnega-sija\/\"]}]},{\"@type\":\"ImageObject\",\"inLanguage\":\"sl-SI\",\"@id\":\"https:\/\/severnisij.si\/index.php\/napoved-vidnosti-severnega-sija\/#primaryimage\",\"url\":\"https:\/\/severnisij.si\/wp-content\/uploads\/2024\/04\/oblike3-z-oznakami.jpg\",\"contentUrl\":\"https:\/\/severnisij.si\/wp-content\/uploads\/2024\/04\/oblike3-z-oznakami.jpg\",\"width\":424,\"height\":283},{\"@type\":\"BreadcrumbList\",\"@id\":\"https:\/\/severnisij.si\/index.php\/napoved-vidnosti-severnega-sija\/#breadcrumb\",\"itemListElement\":[{\"@type\":\"ListItem\",\"position\":1,\"name\":\"Home\",\"item\":\"https:\/\/severnisij.si\/\"},{\"@type\":\"ListItem\",\"position\":2,\"name\":\"Napoved vidnosti severnega sija v Sloveniji\"}]},{\"@type\":\"WebSite\",\"@id\":\"https:\/\/severnisij.si\/#website\",\"url\":\"https:\/\/severnisij.si\/\",\"name\":\"Severnisij.si\",\"description\":\"\",\"publisher\":{\"@id\":\"https:\/\/severnisij.si\/#\/schema\/person\/a64d2ca6d98df9c1fc89f6160223287c\"},\"potentialAction\":[{\"@type\":\"SearchAction\",\"target\":{\"@type\":\"EntryPoint\",\"urlTemplate\":\"https:\/\/severnisij.si\/?s={search_term_string}\"},\"query-input\":{\"@type\":\"PropertyValueSpecification\",\"valueRequired\":true,\"valueName\":\"search_term_string\"}}],\"inLanguage\":\"sl-SI\"},{\"@type\":[\"Person\",\"Organization\"],\"@id\":\"https:\/\/severnisij.si\/#\/schema\/person\/a64d2ca6d98df9c1fc89f6160223287c\",\"name\":\"admin\",\"image\":{\"@type\":\"ImageObject\",\"inLanguage\":\"sl-SI\",\"@id\":\"https:\/\/secure.gravatar.com\/avatar\/71581cd16a28ee52969f5d847d6bf8e2498b506d2b1db37f76903c119593461e?s=96&d=mm&r=g\",\"url\":\"https:\/\/secure.gravatar.com\/avatar\/71581cd16a28ee52969f5d847d6bf8e2498b506d2b1db37f76903c119593461e?s=96&d=mm&r=g\",\"contentUrl\":\"https:\/\/secure.gravatar.com\/avatar\/71581cd16a28ee52969f5d847d6bf8e2498b506d2b1db37f76903c119593461e?s=96&d=mm&r=g\",\"caption\":\"admin\"},\"logo\":{\"@id\":\"https:\/\/secure.gravatar.com\/avatar\/71581cd16a28ee52969f5d847d6bf8e2498b506d2b1db37f76903c119593461e?s=96&d=mm&r=g\"},\"sameAs\":[\"https:\/\/severnisij.si\"]}]}<\/script>\n<!-- \/ Yoast SEO plugin. -->","yoast_head_json":{"title":"Napoved vidnosti severnega sija v Sloveniji","description":"Oglejte si aktualno napoved vidnosti severnega sija v Sloveniji za naslednji dve no\u010di. Bodite pripravljeni ko nebo za\u017eari!","robots":{"index":"index","follow":"follow","max-snippet":"max-snippet:-1","max-image-preview":"max-image-preview:large","max-video-preview":"max-video-preview:-1"},"canonical":"https:\/\/severnisij.si\/index.php\/napoved-vidnosti-severnega-sija\/","og_locale":"sl_SI","og_type":"article","og_title":"Napoved vidnosti severnega sija v Sloveniji","og_description":"Oglejte si aktualno napoved vidnosti severnega sija v Sloveniji za naslednji dve no\u010di. Bodite pripravljeni ko nebo za\u017eari!","og_url":"https:\/\/severnisij.si\/index.php\/napoved-vidnosti-severnega-sija\/","og_site_name":"Severnisij.si","article_modified_time":"2026-04-03T17:40:37+00:00","og_image":[{"width":424,"height":283,"url":"https:\/\/severnisij.si\/wp-content\/uploads\/2024\/04\/oblike3-z-oznakami.jpg","type":"image\/jpeg"}],"twitter_card":"summary_large_image","twitter_misc":{"Est. reading time":"3 minute"},"schema":{"@context":"https:\/\/schema.org","@graph":[{"@type":"WebPage","@id":"https:\/\/severnisij.si\/index.php\/napoved-vidnosti-severnega-sija\/","url":"https:\/\/severnisij.si\/index.php\/napoved-vidnosti-severnega-sija\/","name":"Napoved vidnosti severnega sija v Sloveniji","isPartOf":{"@id":"https:\/\/severnisij.si\/#website"},"primaryImageOfPage":{"@id":"https:\/\/severnisij.si\/index.php\/napoved-vidnosti-severnega-sija\/#primaryimage"},"image":{"@id":"https:\/\/severnisij.si\/index.php\/napoved-vidnosti-severnega-sija\/#primaryimage"},"thumbnailUrl":"https:\/\/severnisij.si\/wp-content\/uploads\/2024\/04\/oblike3-z-oznakami.jpg","datePublished":"2024-04-23T01:08:05+00:00","dateModified":"2026-04-03T17:40:37+00:00","description":"Oglejte si aktualno napoved vidnosti severnega sija v Sloveniji za naslednji dve no\u010di. Bodite pripravljeni ko nebo za\u017eari!","breadcrumb":{"@id":"https:\/\/severnisij.si\/index.php\/napoved-vidnosti-severnega-sija\/#breadcrumb"},"inLanguage":"sl-SI","potentialAction":[{"@type":"ReadAction","target":["https:\/\/severnisij.si\/index.php\/napoved-vidnosti-severnega-sija\/"]}]},{"@type":"ImageObject","inLanguage":"sl-SI","@id":"https:\/\/severnisij.si\/index.php\/napoved-vidnosti-severnega-sija\/#primaryimage","url":"https:\/\/severnisij.si\/wp-content\/uploads\/2024\/04\/oblike3-z-oznakami.jpg","contentUrl":"https:\/\/severnisij.si\/wp-content\/uploads\/2024\/04\/oblike3-z-oznakami.jpg","width":424,"height":283},{"@type":"BreadcrumbList","@id":"https:\/\/severnisij.si\/index.php\/napoved-vidnosti-severnega-sija\/#breadcrumb","itemListElement":[{"@type":"ListItem","position":1,"name":"Home","item":"https:\/\/severnisij.si\/"},{"@type":"ListItem","position":2,"name":"Napoved vidnosti severnega sija v Sloveniji"}]},{"@type":"WebSite","@id":"https:\/\/severnisij.si\/#website","url":"https:\/\/severnisij.si\/","name":"Severnisij.si","description":"","publisher":{"@id":"https:\/\/severnisij.si\/#\/schema\/person\/a64d2ca6d98df9c1fc89f6160223287c"},"potentialAction":[{"@type":"SearchAction","target":{"@type":"EntryPoint","urlTemplate":"https:\/\/severnisij.si\/?s={search_term_string}"},"query-input":{"@type":"PropertyValueSpecification","valueRequired":true,"valueName":"search_term_string"}}],"inLanguage":"sl-SI"},{"@type":["Person","Organization"],"@id":"https:\/\/severnisij.si\/#\/schema\/person\/a64d2ca6d98df9c1fc89f6160223287c","name":"admin","image":{"@type":"ImageObject","inLanguage":"sl-SI","@id":"https:\/\/secure.gravatar.com\/avatar\/71581cd16a28ee52969f5d847d6bf8e2498b506d2b1db37f76903c119593461e?s=96&d=mm&r=g","url":"https:\/\/secure.gravatar.com\/avatar\/71581cd16a28ee52969f5d847d6bf8e2498b506d2b1db37f76903c119593461e?s=96&d=mm&r=g","contentUrl":"https:\/\/secure.gravatar.com\/avatar\/71581cd16a28ee52969f5d847d6bf8e2498b506d2b1db37f76903c119593461e?s=96&d=mm&r=g","caption":"admin"},"logo":{"@id":"https:\/\/secure.gravatar.com\/avatar\/71581cd16a28ee52969f5d847d6bf8e2498b506d2b1db37f76903c119593461e?s=96&d=mm&r=g"},"sameAs":["https:\/\/severnisij.si"]}]}},"_links":{"self":[{"href":"https:\/\/severnisij.si\/index.php\/wp-json\/wp\/v2\/pages\/925","targetHints":{"allow":["GET"]}}],"collection":[{"href":"https:\/\/severnisij.si\/index.php\/wp-json\/wp\/v2\/pages"}],"about":[{"href":"https:\/\/severnisij.si\/index.php\/wp-json\/wp\/v2\/types\/page"}],"author":[{"embeddable":true,"href":"https:\/\/severnisij.si\/index.php\/wp-json\/wp\/v2\/users\/1"}],"replies":[{"embeddable":true,"href":"https:\/\/severnisij.si\/index.php\/wp-json\/wp\/v2\/comments?post=925"}],"version-history":[{"count":188,"href":"https:\/\/severnisij.si\/index.php\/wp-json\/wp\/v2\/pages\/925\/revisions"}],"predecessor-version":[{"id":3620,"href":"https:\/\/severnisij.si\/index.php\/wp-json\/wp\/v2\/pages\/925\/revisions\/3620"}],"wp:featuredmedia":[{"embeddable":true,"href":"https:\/\/severnisij.si\/index.php\/wp-json\/wp\/v2\/media\/159"}],"wp:attachment":[{"href":"https:\/\/severnisij.si\/index.php\/wp-json\/wp\/v2\/media?parent=925"}],"curies":[{"name":"wp","href":"https:\/\/api.w.org\/{rel}","templated":true}]}}